{"id":16,"date":"2020-04-13T10:58:19","date_gmt":"2020-04-13T10:58:19","guid":{"rendered":"http:\/\/compurem.de\/?page_id=16"},"modified":"2021-09-29T20:49:33","modified_gmt":"2021-09-29T20:49:33","slug":"start","status":"publish","type":"page","link":"https:\/\/www.compurem.de\/","title":{"rendered":"Start"},"content":{"rendered":"\n<h2>Lernen mit Freude? Dann sind Sie genau richtig bei mir <\/h2>\n\n\n\n<p>Gerne \u2026<\/p>\n\n\n\n<p>\u2026unterrichte ich Sie in einem Anwendungsprogramm, einer Programmiersprache oder einem Datenbanksystem.<\/p>\n\n\n\n<p>\u2026berate ich Sie, wenn Sie eine Firmenl\u00f6sung zu MS Office, Adobe oder openOffice.org\/libreOffice suchen.<\/p>\n\n\n\n<p>\u2026entwickle ich eine L\u00f6sung f\u00fcr Sie. Mein Schwerpunkt liegt auf VBA und L\u00f6sungen in MS Office.<\/p>\n\n\n\n<p>\u2026erstelle ich ein Handbuch f\u00fcr Sie.<\/p>\n\n\n\n<figure class=\"wp-block-image size-large\"><img decoding=\"async\" loading=\"lazy\" width=\"683\" height=\"1024\" src=\"https:\/\/www.compurem.de\/wp-content\/uploads\/2021\/09\/42_web-683x1024.jpg\" alt=\"\" class=\"wp-image-606\" srcset=\"https:\/\/www.compurem.de\/wp-content\/uploads\/2021\/09\/42_web-683x1024.jpg 683w, https:\/\/www.compurem.de\/wp-content\/uploads\/2021\/09\/42_web-200x300.jpg 200w, https:\/\/www.compurem.de\/wp-content\/uploads\/2021\/09\/42_web.jpg 709w\" sizes=\"(max-width: 683px) 100vw, 683px\" \/><\/figure>\n\n\n\n<p><\/p>\n","protected":false},"excerpt":{"rendered":"<p>Lernen mit Freude? Dann sind Sie genau richtig bei mir Gerne \u2026 \u2026unterrichte ich Sie in einem Anwendungsprogramm, einer Programmiersprache &hellip; <\/p>\n","protected":false},"author":1,"featured_media":0,"parent":0,"menu_order":0,"comment_status":"closed","ping_status":"closed","template":"","meta":{"_mc_calendar":[]},"aioseo_notices":[],"_links":{"self":[{"href":"https:\/\/www.compurem.de\/index.php?rest_route=\/wp\/v2\/pages\/16"}],"collection":[{"href":"https:\/\/www.compurem.de\/index.php?rest_route=\/wp\/v2\/pages"}],"about":[{"href":"https:\/\/www.compurem.de\/index.php?rest_route=\/wp\/v2\/types\/page"}],"author":[{"embeddable":true,"href":"https:\/\/www.compurem.de\/index.php?rest_route=\/wp\/v2\/users\/1"}],"replies":[{"embeddable":true,"href":"https:\/\/www.compurem.de\/index.php?rest_route=%2Fwp%2Fv2%2Fcomments&post=16"}],"version-history":[{"count":6,"href":"https:\/\/www.compurem.de\/index.php?rest_route=\/wp\/v2\/pages\/16\/revisions"}],"predecessor-version":[{"id":608,"href":"https:\/\/www.compurem.de\/index.php?rest_route=\/wp\/v2\/pages\/16\/revisions\/608"}],"wp:attachment":[{"href":"https:\/\/www.compurem.de\/index.php?rest_route=%2Fwp%2Fv2%2Fmedia&parent=16"}],"curies":[{"name":"wp","href":"https:\/\/api.w.org\/{rel}","templated":true}]}}